st common divisor of c and 24.
4
Suppose -c - 7 + 31 = 0. Let a be ((-21)/(-6) + -3)*6. Calculate the greatest common factor of c and a.
3
Let y(w) = w**2 - 5*w - 4. Let f be y(6). Let p be f*(2 - (-11)/2). What is the highest common factor of 135 and p?
15
Let p be (-6)/4 - 1/2. Let g be 2*3/(-24)*-4. Let v be (g - (-3)/p)*-110. What is the highest common divisor of v and 11?
11
Let k be (24/10)/((-15)/(-100)). Calculate the highest common factor of k and 40.
8
Let q = 33 - 8. Let v = 2 + q. Let s be v/5 - 4/10. Calculate the highest common divisor of s and 35.
5
Suppose 117 = 5*t - 48. Let v = 96 - t. Let j(y) = y + 42. Let l be j(0). What is the highest common factor of v and l?
21
Suppose 3*o - 2*o + 9 = -3*g, -4*o = 0. Let l be ((-1440)/50)/(g/10). Calculate the greatest common factor of 12 and l.
12
Let r be -2 + 13*(3 - 1). Let h(z) = -z**2 - 6*z + 1. Let u be h(-5). Suppose u*i = 4*i + 72. Calculate the greatest common factor of i and r.
12
Let d be 4*(-3 + (-18)/(-4)). Calculate the greatest common factor of d and 6.
6
Suppose 5*g + 0*g - 1080 = 0. Calculate the highest common factor of g and 24.
24
Suppose -2*n - 2 = -5*v + 6, -3 = -2*v + n. What is the greatest common divisor of v and 5?
1
Let d be 126/4*(-24)/(-14). Calculate the highest common divisor of 6 and d.
6
Suppose 0 = 6*v - v - 50. Let p be 1/1 - 15/(-3). Suppose 2*b + 108 = i, -i + b - p*b = -115. Calculate the highest common divisor of i and v.
10
Suppose -3*a - 4 = 11. Let o = 9 + a. Let w be 1 - -28 - o/2. What is the highest common factor of 18 and w?
9
Let g be 39/((-6)/32*-4). What is the highest common factor of g and 39?
13
Suppose -2*o - 56 = -4*o - 4*p, p - 119 = -4*o. What is the highest common divisor of o and 10?
10
Let n(g) = 31*g**2 - 3. Let y be n(1). What is the greatest common factor of y and 154?
14
Suppose 135 = 6*v - 435. What is the greatest common divisor of v and 19?
19
Suppose -4*t + 76 = -0*t. Let j be (-3 - -5) + (-5)/1. Let h(z) = -56*z + 3. Let y be h(j). What is the highest common divisor of t and y?
19
Let i = 0 + 4. Suppose -4*t + 2*t = -4*b - 390, 0 = i*b + 12. What is the highest common divisor of t and 21?
21
Let d = -3 - -17. What is the highest common factor of d and 7?
7
Suppose -2*w - 6*y + 207 = -3*y, -197 = -2*w - 5*y. Let k be w + 0 + 5 + -6. Let q = 6 - -4. Calculate the greatest common divisor of k and q.
10
Let d = -2 + 1. Let f = -3 - d. Let q be 2*(-13)/f - 3. Calculate the greatest common divisor of 90 and q.
10
Suppose -10 = -5*p - 3*q, -3*p - 4 + 10 = -5*q. Let m be (-10)/(-25) - (-22)/(-5). Let n = m - -8. What is the greatest common divisor of p and n?
2
Let w(a) = 3 + 3*a - 3 - 5 + 5*a. Let s be w(5). Let h = 17 - 3. Calculate the highest common divisor of h and s.
7
Let g be 4*-1*-1 + 2. Suppose -f + g = f + p, 4 = -2*p. Suppose 2*y - 52 = -5*b, -4*y + 0*y + 5*b = -164. What is the greatest common divisor of y and f?
4
Let p = 19 - 17. Suppose r = -g + p*r + 67, -2*g - 5*r = -155. What is the highest common factor of g and 14?
14
Let t = 0 - -1. Let v = -96 + 99. Calculate the greatest common divisor of t and v.
1
Suppose -p - 5 + 17 = 0. Calculate the greatest common divisor of p and 336.
12
Let l = 18 + -15. Suppose -2*c + 8 + 16 = 4*j, l*j + 17 = c. Calculate the highest common divisor of 154 and c.
14
Let a = -7 + -1. Let n be 4*(50/a)/(-5). Let u(k) = -k**3 + 5*k**2 + 2*k + 5. Let x be u(n). What is the highest common divisor of 135 and x?
15
Let r(c) = -c**3 - 22*c**2 - 25*c - 24. Let x be r(-21). Calculate the greatest common divisor of 24 and x.
12
Let k(v) = v - 4. Let i be k(9). Suppose i = 2*t + 1. Suppose m = -3*w - 9, 4*m - 19 = w - t*w. What is the highest common divisor of m and 54?
6
Let m(q) be the third derivative of -19*q**4/8 + q**3/2 - q**2. Let k be m(-5). Calculate the highest common factor of 32 and k.
32
Suppose 0 = b + 3*b. Suppose -10 = -b*h - h. What is the highest common factor of h and 110?
10
Let q(b) = -b**3 - 5*b**2 + 7*b + 1. Let g be q(-7). Suppose 5*c = 115 + g. Calculate the highest common divisor of 22 and c.
11
Let l(b) be the second derivative of b**5/20 - b**4/12 - 2*b**3/3 - b**2 + b. Let z be l(4). What is the greatest common divisor of z and 12?
6
Suppose 3*x - 441 - 69 = 0. What is the greatest common divisor of 34 and x?
34
Suppose 0 = 2*b + 2*b. Let l be b + (-36)/(0 + -3). Calculate the highest common factor of l and 36.
12
Let q = -96 - -33. Let i = -27 - q. What is the highest common factor of i and 12?
12
Suppose 0 = -c - n + 8, -c = n + n - 9. Let y be 4/(-18) - 11/(-9). Let r be -1*y*-37 + -2. Calculate the greatest common divisor of r and c.
7
Let n = -9 - -12. Let c be n/(-2) - (-1840)/32. What is the greatest common divisor of 7 and c?
7
Let g(n) = -n**2 + 20*n - 12. Let c be g(15). Let w = -9 - -16. Calculate the greatest common divisor of w and c.
7
Suppose n - 3*u = -16, -5*u = n - 5 - 3. Let a be (-43)/n - 5/35. Let v be (32/(-6))/((-4)/a). What is the greatest common factor of v and 8?
8
Suppose -40 = -4*h + 4*n, 2*n + 44 - 8 = 4*h. What is the greatest common divisor of 12 and h?
4
Let n = -1 + 3. Suppose 4*u = n*u. Suppose u = -5*v + 35. What is the highest common divisor of v and 1?
1
Let f(o) = -7*o + 8. Let d be f(-4). What is the greatest common factor of d and 18?
18
Let p(g) = g**2 - 4*g - 2. Let r be p(6). Suppose -w + r = w. Suppose -4*c - w*k + 2 = 0, -7 = c - 0*k + 5*k. What is the highest common divisor of c and 1?
1
Let c(t) = -t**3 + 2*t**2 + 5*t - 2. Let y be (-3 + 1)/((-10)/15). Let i be c(y). What is the highest common divisor of 32 and i?
4
Let w = 1 - 12. Let k be 0 - w - (5 + -3). Calculate the highest common factor of 9 and k.
9
Let q be -3 + -1 + 2448/18. What is the greatest common divisor of q and 12?
12
Let r(n) = -6*n - 12. Let w be r(-7). Let s = -4 + 6. Suppose -2*d + w + s = 0. Calculate the highest common divisor of d and 24.
8
Suppose -v - d = 4 - 13, 3*d + 5 = 5*v. Suppose -v = -2*k - 2*k. What is the greatest common divisor of 1 and k?
1
Let q be 14/(-21)*102/(-4). What is the highest common divisor of q and 34?
17
Suppose 0 = 4*l - b - 3*b, 5*l = -4*b + 45. Let s = 15 - 5. Calculate the greatest common factor of s and l.
5
Let t be (40/(-50))/((-2)/20). Suppose 2*k = 21 + 3. What is the highest common factor of k and t?
4
Suppose -5*h + 1 = -4. Let u = 3 - h. Suppose 2*w - 5 = -2*x + 11, -13 = -u*x - 3*w. Calculate the greatest common divisor of x and 44.
11
Let s = -45 - -80. Let o be 498/102 + (-18)/(-153). What is the highest common factor of s and o?
5
Let c(j) = j**3 - 6*j**2 - 2*j - 8. Let b be c(7). What is the greatest common factor of b and 216?
27
Let i(k) = k**2 - k + 52. Suppose z - 2*z = 0. Let c be i(z). What is the highest common divisor of c and 13?
13
Let h = 1 - -7. Let f(p) = -11*p + 6. Let v be f(-6). Let q = v - -16. Calculate the highest common factor of h and q.
8
Let o(q) = q**3 + 14*q**2 - 2*q - 1. Let f be o(-14). What is the highest common divisor of f and 3?
3
Let d = 278 - 122. Calculate the highest common factor of 104 and d.
52
Suppose 8 + 2 = -2*a. Let j = a - -10. Suppose -p = 3*q - 50, -4*q + 40 = p - j*p. What is the highest common factor of q and 150?
15
Let o(f) = 15*f - 6. Let m be o(6). Let j be ((-84)/(-15))/((-2)/(-20)). Calculate the highest common factor of m and j.
28
Let l(s) = -s**3 + 6*s**2 - 6*s + 3. Let d be l(5). Let g be 1 + -3 + 3 + -2. Let b = g - d. Calculate the highest common factor of b and 5.
1
Let u = -17 - -38. Let v(n) = 37*n**2 - 8*n + 3. Let p(a) = a. Let f(i) = 6*p(i) + v(i). Let l be f(2). What is the greatest common factor of u and l?
21
Let m = 69 - 44. Let v(w) = 4*w**3 + 1. Let x be (2 - 0) + -3 + 2. Let q be v(x). Calculate the greatest common factor of q and m.
5
Let j be -6*(-2 + (-6)/4). What is the highest common factor of j and 3?
3
Let p = -174 + 254. Calculate the greatest common factor of p and 10.
10
Let t be 0 + -2 - 1/(2/24). Let d(p) = -p**3 + 5*p**2 - p + 1. Let f be d(5). Let r = f - t. What is the greatest common divisor of r and 80?
10
Suppose 7*c = 8*c - 3. Suppose -c*i + 113 + 211 = 0. Calculate the highest common divisor of i and 12.
12
Let y(a) = a**2 - 5*a + 1. Let t be y(4). Let u be ((-6)/(-8))/(t/(-24)). Let z = 12 - u. Calcul